 x. Give c(d).
6
Let c be (93/6)/((-2)/(-8)). Let i be c/22 - (-6)/33. Suppose -5*b + 34 = i*n, -7 = -3*b + 8. Let x(h) = -h**3 + 4*h**2 - 3*h - 1. What is x(n)?
-1
Let c(s) = 3*s - 5*s**2 + 4 - s**3 - 6*s - 2 + 2. Let y(u) = u**2 + 13*u + 8. Let x be y(-12). Determine c(x).
0
Let m(n) be the first derivative of -n**6/360 + n**5/40 - n**4/24 + 2*n**3/3 - 1. Let b(h) be the third derivative of m(h). Determine b(3).
-1
Let c(p) = 0*p + 2*p - p. Let s be c(-1). Let y(j) = -4*j + 3 - 3. Calculate y(s).
4
Let r(a) be the first derivative of -a**3/3 + 7*a**2/2 + 8*a - 112. Suppose 0 = 2*q - q - 6. Give r(q).
14
Let f(z) be the third derivative of 0*z**3 + 0*z - 1/24*z**4 + 1/720*z**6 + z**2 - 1/30*z**5 + 0. Let m(r) be the second derivative of f(r). Give m(5).
1
Let x(s) = s**3 + s - 15. Let l(v) = 3*v**3 + 3*v - 44. Let p(o) = -6*l(o) + 17*x(o). Give p(0).
9
Let j(f) = -f + 1. Let o(c) = 2*c - 1. Suppose -2*m + 7*m = -25. Let h(l) = m*j(l) - 2*o(l). Let a be ((-6)/4)/(6/16). What is h(a)?
-7
Let u = -11 + 9. Let r = u - -7. Let c(x) = -6*x + 4. Let j(g) = -7*g + 3. Let s(b) = 6*c(b) - 5*j(b). What is s(r)?
4
Suppose 0*m - 2*m = -10. Let s(u) = -2*u - 4. Let b(g) = g + 3. Let f(c) = m*s(c) + 6*b(c). Let x = 1 - -1. Give f(x).
-10
Suppose 10 = -4*o + y, -2*y - 12 = 2*o + y. Let s(w) = 2*w + 1. What is s(o)?
-5
Let r(w) be the second derivative of w**4/6 - w**3/2 + 24*w. Determine r(3).
9
Suppose -s - 3 = -6. Suppose -s*k - 15 = -5*m + 2*k, -4*m + 5*k + 12 = 0. Let o(v) = v + 0*v + 0*v + v. Give o(m).
6
Suppose -5*x + 0 = 5. Let o(r) = -2*r**2 + 1. Give o(x).
-1
Let t(j) = -4*j**2 - 2*j + 2. Let w(q) = 2*q**3 + 2*q + 1. Let o be w(0). Give t(o).
-4
Let p(t) = -3*t - 2. Let i(d) = 4*d - 5. Let w(v) = 2*v - 3. Let x(q) = 6*i(q) - 11*w(q). Let k be x(-3). Let u = -6 - k. Calculate p(u).
7
Let s(a) = -a + 2. Let w be s(0). Let y(c) = -4*c**2 - 9 + 5*c**2 + 0*c**w - 1. Determine y(0).
-10
Suppose -z + 25 = -q - 6, 0 = 2*q - z + 57. Let y = q + 22. Let d(m) = 0*m**2 + 0*m**2 - 2*m + 5 - m**2. Give d(y).
-3
Suppose 4*y = -4*n + 16, -4*y + 0*n - n = -7. Let x(k) = 6*k**2 + 2*k - 1. Determine x(y).
7
Let b(y) = -y**2 + 1. Suppose -v - 2*v - 3 = 0. Suppose -2*z + 2*r - 4*r - 6 = 0, -2*r - 4 = 4*z. Let i = z + v. Give b(i).
1
Let p(j) = -j**2 + 0 + 10*j + 22 - 11. What is p(10)?
11
Let t(z) = -z + 5. Suppose -v + 3*g - 5 = 0, 4*g - 12 = v + v. Let r = -4 - v. Give t(r).
1
Suppose 2*u - 2 + 8 = 2*s, s + 2*u = -12. Let w(i) = 4*i. Let o(t) = -3*t. Let x(m) = s*w(m) - 3*o(m). Calculate x(-1).
-1
Let q be -2 + (-2 - -3) + 3. Let l(j) = -4*j**3 - 2*j + 5*j**3 - q*j**3 - 2*j**2. Suppose 2*s + 3*s = -5*z - 10, 0 = 5*s - 3*z + 10. Calculate l(s).
4
Suppose -3*s + 4 = s. Let w(d) = 2*d. Let r(c) = 9*c**3 - 2*c - 2*c + 3*c - 8*c**3. Let a(g) = -3*r(g) - 2*w(g). Calculate a(s).
-4
Let a(y) = -5*y + 4. Let k(r) = -r. Let d(o) = -a(o) + 4*k(o). Let b be 46/3*(-6)/4. Let u be (-14)/(-49) + b/7. Calculate d(u).
-7
Let s(i) = i**2 + 3*i - 6. Let x be (-7)/(-5) + 8/(-20). Let j be -2*x + -2 - 1. Determine s(j).
4
Let h(i) = i**2 - 2*i + 8. Let g be h(6). Let b be 19/3 + (-2)/6. Let k be b/(-4)*g/(-12). Let j(x) = x**2 - 4*x - 2. Calculate j(k).
-2
Let a(o) = -2*o - 15. Let f be a(-8). Let z be 1 + (0/(-2))/(-2). Let j(w) = -w**2 + 7*w**3 - z + w**2 + 2*w**2. Calculate j(f).
8
Let j be 2/(-7) + (-74)/(-14). Let d = 7 + -1. Let z(b) = 4 - d*b + 4*b - j. Determine z(-3).
5
Suppose -5*r - 3*h + 40 = 0, -3*r = -6*r + 3*h. Let x = 10 - r. Let y(a) = 3*a - a**2 - a**3 - 6*a + 4 + 0*a - x*a**2. What is y(-5)?
-6
Let g(l) = 19 - 3*l**2 + l**2 + l**3 + l - 7 - 10 + 0*l. Let d = 1 - -1. Give g(d).
4
Let p(h) be the first derivative of h**4 + 4*h**3/3 - 5*h**2/2 + 5*h + 1. Let n(q) = -10 + 0*q + 9 + q - q**2. Let g(w) = 5*n(w) + p(w). Determine g(1).
3
Let f(w) = 2*w**3 - 2*w**2 + 2*w. Let r(g) = g**3 + 8*g**2 + 6*g - 6. Let v be r(-7). Let z(i) = 2*i**2. Let k be z(v). Determine f(k).
12
Suppose -5*n + 9 = 4. Let a(x) = 0 - x**3 - x + n + 5*x**2 - 1. Determine a(5).
-5
Let x(w) be the first derivative of w**4/2 + w**2/2 + w - 1. Let v = -10 - -14. Suppose 2*s - 5*i - 18 = -5, -5 = -v*s + 3*i. Calculate x(s).
-2
Let t(v) = 2*v + 3. Let n = 1 + 2. Let z(j) = -14*j - 12. Let u(o) = -9*o - 8. Let r(h) = -8*u(h) + 5*z(h). Let b(f) = n*r(f) - 4*t(f). What is b(4)?
-8
Let c(b) = -6*b - 5 - 6*b - 4*b + 14*b. What is c(-4)?
3
Let o(q) be the third derivative of 5*q**4/24 + q**3/6 + 7*q**2. Determine o(-1).
-4
Let l(a) = -a + 0*a + 2 + 2 + 0*a - 5*a**2. Let p(g) = -3*g**2 - g + 2. Let h(d) = -4*l(d) + 7*p(d). What is h(-3)?
-2
Let q(d) be the third derivative of d**4/24 - d**3/6 - d**2. Let o = -70 + 70. Calculate q(o).
-1
Let y = -19 + 13. Let r be (-4)/8 + y/4. Let g(h) = h**2 + h - 2. Give g(r).
0
Let g(o) = 3*o - 1. Suppose -2*v + 5 = 5*a - 4*v, -2*a + 1 = -v. Suppose -a - 5 = 4*w. Let n(j) = 6*j - 3. Let d(p) = w*n(p) + 5*g(p). Determine d(-2).
-5
Let j = 2 + 0. Let a(b) = -2*b**3 + 2*b**2 + 2*b - 1. Let p be a(j). Let t(s) = s**3 + 5*s**2 + 6. Calculate t(p).
6
Let r(t) = t**3 + 5*t**2 + 2*t + 2. Let k be ((-6)/4)/((-3)/4). Suppose w + w + k = -4*x, 0 = -4*w + 4*x - 28. Give r(w).
-8
Let v(r) = 17*r**2 - 2*r + 1. Let n(z) = 15*z**2 - 2*z + 1. Let u(c) = 5*n(c) - 4*v(c). Determine u(1).
6
Let v(s) = -s + 1. Let r be v(-5). Suppose 0 = 4*k - r*k + 8. Let q(f) = f + 2. Calculate q(k).
6
Let c(b) = b**2 - 5*b + 3. Suppose w + 3*q = 5*q + 13, -5*w + 17 = 2*q. Suppose p + 7 = 4*v, -34 = -0*p - w*p - 3*v. Give c(p).
3
Let r(i) = -i**3 - 3*i**2 + 2*i + 4. Let h be (-11 + 17)*1/(-2). Determine r(h).
-2
Suppose 0 = -3*w - 3*m + 12, -3*w - 2*m = -14 + 4. Let c(s) = -s**2 - 4*s**w + 2*s**3 + 4*s**2 + 2*s**2. Give c(-1).
-1
Let w = 13 - 4. Let h(j) = -5*j**2 - 14*j - 2. Let y(a) = 6*a**2 + 15*a + 1. Let c(s) = -7*h(s) - 6*y(s). Let r be c(w). Let m(b) = -4*b**2 + b. Give m(r).
-5
Let i(z) = -z**2 + 4*z + 5. Suppose 5*t + 19 = 4*r, 5*t = 5*r - 2*r - 13. Calculate i(r).
-7
Let v be (-18)/63 + (-80)/14. Let s be (-2)/3 + 14/v. Let r(z) = 2*z**2 + 1 + 2 + 1 + 5*z. Calculate r(s).
7
Let j(c) = -c**2 - 4*c - 3. Let s = -16 - -12. Give j(s).
-3
Suppose 0 = 2*c - 3*v + 5, 0 = -2*c + v - 2 - 5. Let y(i) = 4*i**2 + 10 - 8 + 3*i - 3*i**2. Give y(c).
6
Let a(q) be the first derivative of -7*q - 1/2*q**2 + 5. Calculate a(-7).
0
Let b(g) = -g**2 - 3*g + 4. Let u be b(-3). Suppose 4 + 4 = u*p. Suppose p = -2*q + h - 2*h, 0 = h + 2. Let t(j) = -j**3 - j**2 - j - 1. What is t(q)?
-1
Let l(d) = 2*d + 21. Let i be l(-10). Let p(v) = 5*v - 1. Give p(i).
4
Let r(i) = -2*i - 4. Let k be 8 + -4 - (2 - 1). Let o be -4 + k - (1 - -1). Determine r(o).
2
Let p(y) = 5*y**3 + y**2 + y. Let i be (6 + -3 - 2)/(-1). Let h be p(i). Let x(t) = -t - 9. Calculate x(h).
-4
Suppose -2*x + 2 = -0. Let q(v) = -3 + 2*v**3 - x + 6*v**2 + 6*v + 7 - v**3. Give q(-5).
-2
Let d(g) = 2*g + 0*g**3 + 6*g**2 - 5 - 3*g**3 + 2*g**3. Let c be -1*2 + 80/10. Determine d(c).
7
Let q(s) be the first derivative of s**3/3 + 4*s**2 - 4*s - 14. Determine q(-8).
-4
Let b(s) = -s**3 - 3*s**2 + 2*s + 1. Suppose 6*f = 3*f - 6. What is b(f)?
-7
Let c(h) = -h - 9. Let b = 5 - -1. Let g = b + -4. Suppose 2*r = 3*i + 4, i = -r - g*r - 16. Calculate c(i).
-5
Let f = -8 + 7. Let k(w) = -9*w**2 + 0 + 1 + 6*w**2 + w. What is k(f)?
-3
Suppose 33 = 2*o - 9. Suppose -5*j + 2*r + 2*r = -o, 3*r + 17 = 5*j. Let s(l) = -11*l**2. What is s(j)?
-11
Let b(a) be the third derivative of -a**5/60 + 5*a**4/24 + 7*a**3/6 - 3*a**2. Determine b(5).
7
Suppose 3*u + 0 = 9. Let s(y) = -y**3 - 1 + 2*y**u - 3*y**2 + 6*y**3 + y**2 + 2*y. Let c = 0 + 1. What is s(c)?
6
Let o(z) = 6*z - 2. Suppose -a + 0*a - 3*p + 4 = 0, 4*a - 3*p + 14 = 0. Calculate o(a).
-14
Let i(o) = o**3 + 4*o**2 - 6*o - 6. Let k = 97 - 102. Give i(k).
-1
Let x(s) = -s**2 - 4*s. Let w be (-2)/(-3)*-3*18/12. Determine x(w).
3
Let y(p) = -2*p - p**2 - 3*p - 1 - 2*p + 10*p. What is y(3)?
-1
Let d(k) = 4 - 1 - 4. Let s(o) = -o**3 - 5*o**2 - 2*o - 8. Let i(u) = 5*d(u) - s(u). Calculate i(-5).
-7
Let q(g) be the first derivative of -g**2/2 + 7*g - 8. Calculate q(3).
4
Let c(z) = -7*z + 6*z - 1 + 4*z. Determine c(-2).
-7
Let r(m) be the first derivative of 3*m**2/2 + 3. Suppose 3*x - 13 = -4. What is r(x)?
9
Let z(i) be the third de